 = 3*g + 2*s - 156, 2*g - s + 3*s - 104 = r. Does 13 divide g?
True
Is (-35 - -36)*6*108 a multiple of 54?
True
Suppose p - r = 283, -4*r + 47 - 1457 = -5*p. Suppose 5*z + 4*t = 712, 2*z - 4*t = -9*t + p. Does 14 divide z?
False
Suppose -4*a + 24 = 3*t, 5*t + 0*a - 17 = a. Suppose 0 = t*f - 8. Suppose f*y = 16 + 16. Does 4 divide y?
True
Let o = 24 - 14. Suppose 0 = 4*x - v - o, -3*x + 4*v = -4 - 10. Let a(j) = 14*j**2 - 2*j + 4. Is a(x) a multiple of 16?
False
Let t = 339 - 116. Is t a multiple of 8?
False
Let d(a) = -2*a**3 - 2*a**2 - 3*a + 4. Let l be d(3). Suppose -84 + 218 = u. Let j = l + u. Is j a multiple of 19?
True
Let f(h) be the second derivative of h**4/3 + h**3/6 + h**2/2 - 5*h. Let m be f(-1). Suppose 0 = m*s + v - 352, 3*s + v = 6*v + 241. Is s a multiple of 29?
True
Let z(c) = -3*c + 4. Let q be z(0). Let i(x) = 9*x**2 - 4*x - 2. Is 14 a factor of i(q)?
True
Suppose 3*r + 3*h - 51 = 0, 2*r + 3*h + 2*h = 28. Suppose 22*w = r*w + 69. Is w even?
False
Let f = -116 - -122. Let k(p) = -p**2 + 10*p - 4. Is k(f) a multiple of 4?
True
Let g = -40 + 42. Suppose -2*j - 4*s + 36 = 0, -2*j - 62 = -5*j + g*s. Does 3 divide j?
False
Suppose 16*u - 8*u = 3928. Is u a multiple of 18?
False
Suppose -h - 9 = -5*a, a - 1 = 4*h - 3. Let c = 3 - h. Suppose 7 = s + c*w, 0*s = s + 3*w - 3. Is s a multiple of 15?
True
Let i be (-4)/18 - 364/(-18). Let r = i - 11. Suppose r*z - b = 5*z + 121, 3*b = -3. Is 15 a factor of z?
True
Suppose -g - 3*n = -4*n - 57, 0 = -n + 3. Is 20 a factor of g?
True
Let v(k) = -k**3 + 23*k**2 - 8*k + 72. Does 4 divide v(22)?
True
Let k = 1018 + -609. Is 3 a factor of k?
False
Suppose 69*y - 255 = 66*y. Suppose -29 = -u + y. Is u a multiple of 20?
False
Let b(p) = p**2 + 15*p - 6. Let x be b(6). Is (x/14)/((-9)/(-189)) a multiple of 10?
True
Let a(t) = 2*t - 10. Let d be a(7). Suppose -u + d = 1. Suppose -b = u*b - 40. Is b a multiple of 5?
True
Suppose -94*j + 540 = -88*j. Is j a multiple of 9?
True
Suppose 2*a + 0 = 10. Suppose -a + 1 = -w. Suppose 28 = -w*i + 116. Does 22 divide i?
True
Let k(c) = 49*c**2 + 33*c + 47. Is k(-8) a multiple of 47?
False
Let n be (-3)/18 - (-762)/36. Suppose 0 = -17*a + n*a - 64. Does 8 divide a?
True
Suppose 3*t + 5*j = 12940, -3*j + 8233 + 393 = 2*t. Does 29 divide t?
False
Let h = -4 - -4. Let n(q) = -q - 11. Let l be n(h). Let t = 61 + l. Is t a multiple of 26?
False
Let k(l) = 38*l + 43. Let u(n) = 77*n + 87. Let a(g) = 7*k(g) - 4*u(g). Does 41 divide a(-6)?
True
Suppose 0 = -65*c + 30*c + 91280. Does 32 divide c?
False
Let w = 55 - -313. Is w a multiple of 4?
True
Suppose 8*c - 8 = 10*c. Is c/22 + 134/11 a multiple of 3?
True
Is 20 a factor of 224/(-6)*(-2250)/175?
True
Suppose -4*i + 7*p = 2*p - 7071, 0 = -p - 3. Does 10 divide i?
False
Let i(o) = o**3 - 21*o**2 + 27*o + 31. Is i(20) a multiple of 19?
True
Let l(a) be the third derivative of -5/3*a**3 + 0*a + 0 - 3*a**2 - 7/24*a**4. Does 7 divide l(-7)?
False
Suppose 10*c = 11*c - 540. Is c a multiple of 12?
True
Let u be (0 - -1)*-1 + 19. Let o = u - 18. Suppose -2*g - 4*a + 56 = 0, g + 3*a - 25 - 2 = o. Does 6 divide g?
True
Suppose -3*f + 18 = -5*f. Let r be (0/(f/(-3)))/(-1). Suppose o = 3*y + 31 - r, 4*o - 4*y = 132. Is o a multiple of 9?
False
Suppose 8 + 12 = 5*o, -o - 3028 = -4*w. Does 74 divide w?
False
Suppose 0 = 13*d - 28 + 54. Let l(i) = -4*i**3 + 2*i**2 - 7*i - 2. Let r(k) = -5*k**3 + 2*k**2 - 8*k - 1. Let g(s) = 4*l(s) - 3*r(s). Does 13 divide g(d)?
False
Let c(b) = b**2 - 25*b + 26. Let h be c(23). Let a(m) = -m**3 - 20*m**2 - 5*m - 17. Is 12 a factor of a(h)?
False
Let h = -73 - -140. Suppose -7*k = -h - 17. Is k a multiple of 4?
True
Suppose 501 = -3*j + 843. Does 9 divide j?
False
Is (210/12)/((-2)/(-160)) a multiple of 28?
True
Suppose -o + 4*j - 193 = -j, 0 = -4*o - 2*j - 662. Let y = -56 - o. Suppose 2*r + 0*r = y. Does 14 divide r?
True
Suppose -j + 270 = 4*t, -2*t - 975 = -4*j + 3*t. Let i = -70 + j. Does 31 divide i?
False
Let k be -2 + 5/(5/(-3)). Let f be 15/6*(-6)/k. Suppose -f*m + 19 = -8. Is 3 a factor of m?
True
Let w(s) = -s**2 + 12*s - 10. Let q be w(7). Suppose -4*j - q = -5*j. Does 25 divide j?
True
Suppose 10*v - 66 = 8*v - 5*h, 5*h - 135 = -5*v. Is v a multiple of 21?
False
Let k(t) = t**3 - 6*t**2 + 5. Let c be k(6). Let z(i) = i**2 + 2*i - 15. Does 4 divide z(c)?
True
Does 43 divide ((-6)/(-39) - (-41)/(-13)) + 378?
False
Let x = -1 - -220. Is 16 a factor of (-2 + x - -1)/(6 + -5)?
False
Let n(w) = w**3 - 10*w**2 + 5*w + 12. Let g be (-8)/(-28) + (-136)/(-14). Does 17 divide n(g)?
False
Let w(u) = -2*u - 12. Let s = 8 - 15. Let c be w(s). Suppose -90 = c*i - 5*i. Is 10 a factor of i?
True
Let o be 2 - (6 - (4 + (-20)/4)). Does 6 divide (-45)/o - (1*-2 + -1)?
True
Suppose -3*i = 3*r - 405, -4*i = -2*r - 0*r - 510. Is 13 a factor of i?
True
Let d = 25 - 23. Is 15 a factor of (-135)/d*6/(-9)?
True
Suppose -w = -s + 23, -3*s + 5*w + 69 = 4*w. Let g = 0 - s. Let x = g - -38. Does 5 divide x?
True
Let i(a) = 2*a**3 - 9*a**2 + 5*a + 8. Let f be i(8). Suppose -6*g = -2*g - f. Is g a multiple of 31?
True
Suppose 0 = -65*m + 66*m - 475. Is m a multiple of 40?
False
Let h = 108 - 99. Suppose -t - 12*l + 50 = -h*l, 5*t = 3*l + 232. Is 29 a factor of t?
False
Is 94767/713 - (-4)/46 a multiple of 6?
False
Suppose 5*r + 0*r - 10 = 0. Suppose 0 = r*y + 5*y - 756. Is y a multiple of 12?
True
Let k(q) = -13*q - 13. Let f be (6 + 0)*-1*8/12. Is k(f) a multiple of 12?
False
Suppose 3782 = 4*q - 255*j + 253*j, -q - 5*j + 973 = 0. Is 33 a factor of q?
False
Suppose -4*o + 305 + 245 = 2*p, -3*o + 423 = -2*p. Let w be 1/(1 + (-6)/8). Suppose -224 = -5*n - i, -3*n = -0*i - w*i - o. Does 14 divide n?
False
Let j(q) = -20*q. Let f be ((-13)/2 - -7)/((-1)/4). Does 4 divide j(f)?
True
Suppose -6*n + 10*n = 1312. Does 41 divide n?
True
Suppose 0 = 2*w - 2*u - 44, 2*w + 8*u = -3*w + 84. Is w a multiple of 5?
True
Let b = 54 - 11. Suppose 3*n = 158 + b. Does 33 divide n?
False
Suppose -3319 - 593 = -12*t. Let i = t + -176. Is 30 a factor of i?
True
Suppose -3*j + 10*j = -6615. Is 7 a factor of ((-24)/10)/(54/j)?
True
Does 2 divide (-938)/(-5) - 288/480?
False
Let h = 435 - 123. Is h a multiple of 8?
True
Let p = -11 + 15. Suppose 4*h + 188 = p*o, 2*o - 114 = -3*h - 0. Is o a multiple of 9?
False
Let f(r) = -3*r**2 - 7*r + 5. Let v be f(2). Suppose 4*g - 15 = -155. Is (-10)/g - 246/v a multiple of 6?
True
Let x(g) = 16*g - 81. Let l(o) = 3*o - 16. Let m(q) = -22*l(q) + 4*x(q). Is 3 a factor of m(11)?
True
Let a be (3 - 10/6)/(4/18). Is 3*a/27 - 2136/(-9) a multiple of 34?
True
Let n(k) = -k**3 - 3*k**2 + k + 1. Let r(l) = l**3 + 4*l**2 - l - 1. Let f(a) = -3*n(a) - 2*r(a). Suppose 0 = 17*j - 32 - 19. Is f(j) a multiple of 8?
True
Let r(m) = -4*m + 58. Is 4 a factor of r(-7)?
False
Let f be (12/4)/3*0. Suppose -3*d + 399 - 126 = f. Let b = d + -64. Does 6 divide b?
False
Let j be -3 - (-2)/(-6)*33. Let d = 13 - j. Does 4 divide d?
False
Does 3 divide (-5)/(-30)*9*(-276)/(-18)?
False
Let u(n) = 3*n**2 - 21*n + 67. Is u(12) a multiple of 19?
True
Let r(i) = 24*i. Let a be r(5). Suppose 3*m - 3*h - 3 + 0 = 0, 0 = -4*m + h + 7. Does 8 divide (1/m)/(2/a)?
False
Suppose 2*j + 0 = 3*x + 18, -4*j - x = -8. Suppose -j*f + 592 = -5*l, -135 = -2*f + l + 248. Does 9 divide f?
True
Suppose -7*b = -8*b. Suppose -3*w + 6*c + 25 = c, 2*c + 4 = b. Suppose 4*n + w*p - 272 = 0, p = -2*p - 12. Is 20 a factor of n?
False
Let g(l) be the first derivative of 23*l**3/3 + 3*l**2/2 + 2*l + 8. Let y(j) = -j**3 + 6*j**2 - 4*j - 3. Let v be y(5). Does 25 divide g(v)?
True
Let p be ((-5)/((-45)/(-12)) - -1)*0. Suppose 2*h - h - 150 = p. Is h a multiple of 25?
True
Suppose 1127 = -26*p + 14777. Is 7 a factor of p?
True
Suppose -2*w + 16 = -3*r, -5*r - 4*w + 3 = -7. Is (r/4)/((-8)/64) + 332 a multiple of 42?
True
Let k(y) = -8*y - 12. Let j = 18 + -22. Is 7 a factor of k(j)?
False
Let f be (3 + -296)/(3/(-9)). Suppose -5*s - 187 = -2*j - f, s - 143 = 5*j. Is 11 a factor of s?
False
Does 15 divide (238 - 6/(-2)) + -1?
True
Is ((-64974)/(-119))/((-1)/(-1 + 0)) a multiple of 27?
False
Let v(x) = -429*x + 90. Is 36 a factor of v(-6)?
True
Let x = -83 - -71. Is 29 a factor of x/6 - -1 - -339?
False
Suppose 56*h = 15*h + 154242. Does 19 divide h?
True
Suppose 3*